divisor of w and 240.
120
Let a be (-85698)/(-486)*3/1. Calculate the greatest common factor of 184 and a.
23
Let k(l) = -l**3 - 14*l**2 - 77*l + 66. Let u be k(-22). What is the greatest common divisor of 11 and u?
11
Let c = 267 - 225. Suppose 5*a + b = 120 - c, 4*b = -a + 27. Let w be 3*(14 + 1)/1. What is the greatest common divisor of w and a?
15
Let g be (-1725)/125 + 26 + 1/(-5). Calculate the greatest common factor of 19 and g.
1
Let b be 3 - 1 - (-2)/2. Suppose 208 = -5*h + 4*j, b*h + 2*j = -h - 156. Let m be ((-32)/h)/(2/35). What is the highest common factor of 14 and m?
14
Let t(v) = 6*v**2 - 8*v + 8. Suppose 0 = -l + 1 - 5, -5*l = 3*n + 11. Let g be t(n). Calculate the highest common factor of 418 and g.
38
Suppose -43 = 21*p - 190. Calculate the greatest common divisor of p and 6013.
7
Let l(s) = -2*s**3 - 87*s**2 + 137*s + 102. Let x be l(-47). What is the greatest common divisor of x and 54?
54
Suppose h - 3*b = 147, 4*h - 5*h + 2*b = -153. Let r = -5 - -8. Let m = r + 12. Calculate the greatest common factor of h and m.
15
Suppose -769 - 356 = -45*o. Let q be (-16*(-10)/o)/((-8)/(-120)). What is the highest common factor of q and 12?
12
Suppose -728 = 7*c + 6*c. Let o = c - -57. Calculate the greatest common divisor of o and 17.
1
Suppose -69 = -2*h - h. Let x(v) = -5*v - 88. Let z(a) = -18*a - 263. Let t(u) = 8*x(u) - 3*z(u). Let q be t(12). What is the highest common divisor of h and q?
23
Let c be -14 - 1143522/(-42) - 4/(-14). What is the greatest common factor of c and 141?
141
Suppose 5*s = -2*z + 21, 10*z + 2*s = 5*z + 21. What is the greatest common factor of 4 and z?
1
Let o be 52272/209 + (-12)/114. What is the highest common divisor of 1150 and o?
50
Suppose -h = 2*k - 90 - 1419, -5*h = 4*k - 7593. Calculate the greatest common factor of h and 275.
25
Suppose 9 = 4*m - 2*z - 1161, -5*m - 3*z = -1435. Let t = 491 - 481. Calculate the highest common divisor of t and m.
10
Let u be (-483)/(-6)*12 + 10/(-5). What is the greatest common divisor of u and 16?
4
Let k be (0 + -69)*(26/3 + -11). What is the highest common divisor of 805 and k?
161
Suppose -5*k - 24*y = -22*y - 2040, -y = 0. What is the highest common factor of 72 and k?
24
Let w = -31219 - -31296. Calculate the highest common factor of 798 and w.
7
Suppose 2*f + 3 = -3. Let s = 58 - f. Suppose -5 = 5*n, -s = -5*j + n - 5*n. Calculate the greatest common divisor of 26 and j.
13
Let g = 815 - 464. Let l(t) = -7*t - 274. Let p be l(-41). Calculate the highest common factor of p and g.
13
Suppose -209*k + 26425 = -184*k. Calculate the greatest common divisor of k and 7.
7
Let p = 6013 + -5208. Calculate the highest common factor of p and 35.
35
Suppose -456 = -11*k + 9*k. Suppose 0 = -5*c + 4*d - 5*d + 1140, -c = -4*d - k. What is the greatest common factor of 12 and c?
12
Let x = -116 + 168. Let v = x + -16. What is the highest common factor of v and 84?
12
Let j(t) = 2*t**2 - 52*t + 99. Let q be ((-2)/6)/((-8)/(42 - -6)). Let m be j(q). What is the greatest common divisor of m and 48?
3
Let o(n) be the third derivative of -n**5/60 + n**4/12 + 4*n**3 - 257*n**2. Let w be o(0). Calculate the highest common divisor of 30 and w.
6
Let m = -227 - -232. Suppose 5*k - 36 = -3*v, m*k + 0 = 4*v + 22. Calculate the highest common factor of k and 15.
3
Let s = 4569 + -1776. Calculate the highest common factor of s and 285.
57
Suppose -3*n = 11*x - 12*x + 1663, 4*x = -5*n + 6584. Calculate the highest common factor of x and 26.
13
Let m(p) = 9*p + 994. Let k be m(-107). Let r = 18 - 28. Let c = r + k. What is the highest common divisor of 84 and c?
21
Suppose -3694 + 8098 = 20*g - 9856. What is the greatest common divisor of 620 and g?
31
Suppose 202 = -4*v - 3*w + 5*w, 0 = 4*v - 5*w + 199. Let o be (-3)/(-1) - v/(-17). Suppose o = -2*i - 3 + 13. Calculate the greatest common factor of 40 and i.
5
Let d = -4641 - -5049. What is the highest common divisor of d and 510?
102
Let s be (3 - (582 - 4)) + (4 - 6). Let p = -573 - s. Calculate the highest common divisor of p and 64.
4
Let i(z) = z**3 + 33*z**2 + 117*z + 34. Let s be i(-29). Calculate the greatest common divisor of s and 169.
1
Let t = 1315 - 1308. Calculate the greatest common factor of t and 1561.
7
Let r be (-40)/10 - (2 + 41). Let c be (1 - 2)/(4 + 189/r). What is the greatest common divisor of c and 517?
47
Let b = -241 - -244. Suppose 3*j - 15 = 3*t, t = -b*j - 2*t + 21. What is the greatest common factor of j and 258?
6
Let f = 223 - 148. Suppose -3*q + o - 235 = f, 4*q = 5*o - 406. Let r be (-16)/q + (-141)/(-13). Calculate the highest common divisor of r and 44.
11
Let l(j) = -j**3 + 9*j**2 + j + 1. Let h be l(9). Let g be (-1154 - -6)/4 + (-3 - 1). Let p = -161 - g. What is the highest common factor of p and h?
10
Let b = -285 - -287. Suppose -b*t - 3*x + 144 = -x, t = 5*x + 54. What is the highest common divisor of t and 276?
69
Let s(w) = w**2 + w + 7. Let f be s(0). Let l = 6 + f. Let g = 292 + -149. Calculate the greatest common factor of g and l.
13
Let y be 64/20 - (-2)/(-10). Let g be (32/(4 + 0))/1 + -2. Suppose -45 = -g*u + y*u. Calculate the greatest common factor of u and 15.
15
Let p = 654 + -544. Suppose 0*j + 24 = 2*j - 4*v, -29 = -2*j + 3*v. Calculate the highest common factor of j and p.
22
Let x be 763/(-3) + 7/3 + -3. Let r = -115 - x. Suppose z + r = 2*z. What is the greatest common divisor of 10 and z?
10
Let z = -109 + 107. Let f be 11 - (-5 + (-2 - -8 - z)). Calculate the greatest common divisor of 72 and f.
8
Let g = -13276 + 13280. Calculate the highest common divisor of g and 163.
1
Suppose 3*l + 0*l = -102. Let m be (-6)/(12/l) + (3 - 0). Suppose 5*i + 5*p - m = 0, 3*i - 3*p - 24 = -2*p. Calculate the greatest common factor of i and 63.
7
Let x = 4891 - 4567. Calculate the highest common factor of x and 180.
36
Let l be 170 - 131 - (-5 - 44). Suppose -1 = n - 4. Suppose 3*y = n*f - 42, -3*f = -4*y - 57 + 12. What is the highest common factor of f and l?
11
Suppose 0 = -q + 3. Let a(g) = 3*g + 22. Let f be a(-6). Suppose -3*t = q*d - 69, f*d = -3*t + 4*t - 28. What is the greatest common divisor of 3 and t?
3
Suppose -12 = -2*d, -2*d + 18*d - 58 = -5*f + 13*d. Let l = -606 - -950. Calculate the greatest common factor of f and l.
8
Suppose 12*b - 26 = 22. Suppose -9 = -3*z, -54 - 207 = -3*g + b*z. Let l = g - 77. What is the greatest common factor of l and 98?
14
Let g = 173 + -88. Let q = 100 - g. Suppose l - q = -4*l. Calculate the greatest common divisor of l and 33.
3
Let l = 36 + -25. Let d = 742 + -738. Suppose -d*w = -41 - l. Calculate the greatest common factor of w and 143.
13
Suppose 4*y + 3*l - 104 = 187, 3*l + 285 = 4*y. What is the highest common divisor of 1494 and y?
18
Suppose -2*t - 3*j = -448 - 36, -1192 = -5*t - 3*j. Let i = t + -191. What is the highest common factor of i and 105?
15
Let k = 3306 + -3145. Calculate the highest common divisor of 115 and k.
23
Let b = 1392 - 1260. Let i be 6/4*(-8)/6. Let n be 2*i/4 - -13. What is the highest common divisor of n and b?
12
Let l(k) = k**2 + 2*k - 22. Let h be l(-6). Let u be ((-44)/5)/(15/((-75)/h)). Calculate the highest common factor of u and 286.
22
Suppose -22*q + 12 = -26*q, 0 = -3*c - 5*q - 36. Let f(r) = -r**2 - 40*r - 186. Let g be f(c). What is the greatest common factor of 18 and g?
9
Let f = 113 + -110. Suppose f*p = 2*g + 86, 5*p + g - 77 = 88. What is the greatest common factor of p and 48?
16
Let w = 25 + -8. Let q(m) = m**2 + 857*m - 15206. Let x be q(18). Calculate the highest common factor of x and w.
17
Let h be (6/21 - (-572)/(-91)) + 0 + 137. Calculate the highest common factor of h and 4.
1
Let i be 18/(-4)*(-2)/(-2)*-2. Suppose -i*l + 12*l = 144. Let c be (3 - -3)*3*2. What is the greatest common divisor of l and c?
12
Suppose 13*j - 22*j = -15*j + 79704. Calculate the greatest common factor of 162 and j.
162
Let a(m) = -m**2 + 51*m + 576. Let r be a(60). Calculate the highest common factor of 1233 and r.
9
Let i(y) = y**3 + 35*y**2 + 179*y + 31. Let f be i(-25). Calculate the greatest common factor of 84 and f.
42
Let y(u) = -7*u - 6. Let l be y(-10). Suppose h = -a + 36, 2*h - a - 52 = 2*a. Suppose -31*x + h = -30*x. What is the highest common divisor of x and l?
32
Let m(t) = -t**2 - 1